et q(b) = -b**2 - 12*b - 10. Suppose -5*r = 27 + 3. Calculate the remainder when 75 is divided by q(r).
23
Let h be (5/(-2) + 2)*(-40)/5. Suppose 5*k = -3*o + 179 + 617, 1038 = h*o + 2*k. What is the remainder when o is divided by 43?
42
Suppose 4*y = 2*y + 2. Let m be (-402)/(-18) + y/(-3). Calculate the remainder when (6 - 9)/((-1)/m) is divided by 17.
15
Let w(q) = 41*q**2 + 2*q + 4. Let n be w(2). Let x = n + -86. Calculate the remainder when x is divided by 23.
17
Let z(u) = -6*u**3 + 3*u**2 + 10*u + 2. Suppose 0*y - 4*y = -36. What is the remainder when z(-2) is divided by y?
6
Suppose z = 79 - 89. Let o = 50 + z. What is the remainder when o is divided by 11?
7
Suppose 52*q = 44*q + 64. What is the remainder when 278 is divided by q?
6
Suppose 4*x = 4*w - 56, 83*x - 46 = -3*w + 87*x. Let u(c) = -5*c - 4. Calculate the remainder when u(-6) is divided by w.
6
Let h = 8 - 18. Let v = h + -2. Let u = 4 - v. Calculate the remainder when 46 is divided by u.
14
Let d = 6655 + -4699. What is the remainder when d is divided by 103?
102
Let q(w) = w**2 - 2*w. Let a(i) = i**2 - 2*i - 1. Let n be ((-4)/3)/((-1)/(-3)). Let k(z) = n*a(z) + 5*q(z). Calculate the remainder when 36 is divided by k(5).
17
Suppose 5*x + 6*x - 880 = 0. Calculate the remainder when x is divided by 41.
39
What is the remainder when 172 is divided by 29652/462 - 6/33?
44
Let p(u) = 13*u - 39. Let i(z) = -2*z + 16. Let o be i(5). Calculate the remainder when p(o) is divided by 20.
19
Let y be (3 - (-14)/(-4))*0. Suppose 4*q - 4*b - 75 = -q, y = q + b - 6. What is the remainder when q is divided by 4?
3
Suppose 3*q + 317*b = 313*b + 38, 4*b = -2*q + 28. Calculate the remainder when 1308 is divided by q.
8
Suppose -17 = -5*j - 7, -2*j = 4*s - 480. Calculate the remainder when s is divided by 33.
20
Let u(h) = h**3 + 20*h**2 - 27*h - 83. Calculate the remainder when 122 is divided by u(-21).
36
Let y(w) = -2*w**2 + 19*w - 8. What is the remainder when 258 is divided by y(5)?
36
Let c(r) = -r**2 + 11*r - 25. Let k be c(7). Suppose 4*s + 17 + 15 = 5*u, -k*u + 22 = -s. What is the remainder when u is divided by 7?
1
Let s(h) = -h + 15. Let n(g) = g**3 + 2*g**2 + 2*g + 1. Let v be n(-1). Calculate the remainder when s(v) is divided by ((-24)/(-18))/((-3)/(-18)).
7
Suppose 0 = -2*q + 6, 4*w - 3*q - 196 = q. Suppose 5*a - 49 = -9. Calculate the remainder when w is divided by a.
4
Let b be -3*(-3 - -3 - 3). Suppose 0 = -b*t + 10*t - 13. Let a = t - 2. Calculate the remainder when 19 is divided by a.
8
Suppose -3*f - 49 = -4*x, -2 + 72 = 5*x - 2*f. Let k = 7 - 1. What is the remainder when x is divided by k?
4
Suppose 0 = 2*w + 8 - 52. Suppose 4*p + i - w - 4 = 0, -2*p + 5*i = -24. Calculate the remainder when 5*3/((-120)/(-104)) is divided by p.
6
Suppose -114*d = -130*d + 1472. What is the remainder when d is divided by 34?
24
Suppose 0 = 3*b - 2*t - 125, b - 18*t + 14*t - 25 = 0. Calculate the remainder when 221 is divided by b.
41
Suppose 17 = -4*s + 1, -s = -2*q + 110. Let j = 341 - 130. What is the remainder when j is divided by q?
52
Calculate the remainder when -4*(1 + (-497)/28) is divided by 8.
3
Suppose -23*a + 362 - 86 = 0. Calculate the remainder when 548 is divided by a.
8
Suppose 4*u + u = 10. Suppose c = -5*l, -u*c + c + 10 = 3*l. Calculate the remainder when 72 is divided by c.
22
Let i be (-3968)/(-60) + 6/(-45). Suppose -2*f = 2*y - 6*f - i, -4*f - 105 = -3*y. Calculate the remainder when y is divided by 10.
9
Let x(g) = -2*g + 9. Let y(c) = 5*c + 40. Let b be y(-9). What is the remainder when 73 is divided by x(b)?
16
Let r = -19 - -20. Suppose -7 + r = -t - k, 4*t + k - 21 = 0. What is the remainder when 14 is divided by t?
4
Suppose -3*j + 2*g - 4*g + 16 = 0, 4*j - 6 = 5*g. Suppose j*m - 112 = 76. Calculate the remainder when m is divided by 24.
23
Suppose -2*m = -4*d + 3*d + 10, 3*d + 3*m = 3. Let v(n) = n**3 - 3*n**2 + 4*n - 4. What is the remainder when v(d) is divided by 15/(105/49) + 1?
4
Suppose 3*u + 20 = -2*p, -8 = -p - 2*p + 5*u. Calculate the remainder when 52 is divided by p/18 - 411/(-27).
7
Suppose -137 = -k - 24. Calculate the remainder when k is divided by 59.
54
Suppose 4*s = 4 + 12. Suppose -5*b - 6 = -4*a, -3*b = -7*a + 5*a + s. Let o = 8 - b. Calculate the remainder when 39 is divided by o.
9
Suppose -55 = 2*q - 147. What is the remainder when q is divided by 2?
0
Suppose 3*q + 7 = -5*n - 16, 0 = 3*q - 3*n - 9. What is the remainder when 33 is divided by -7 - (-535)/20 - q/4?
13
Suppose 4*j - 67 = -3*h, 0 = 2*h + h - 15. Suppose 5*p - 12 = 5*v + j, 0 = 2*p - v - 9. Let c(t) = 3*t**2. What is the remainder when c(p) is divided by 10?
8
Let l(a) = -a**2 + 4*a + 34. What is the remainder when l(0) is divided by 30?
4
Suppose -5*y + 43 = 3*n, 4*y + y - 25 = 0. What is the remainder when 77 is divided by n?
5
Let b(v) = 7*v + 5. Let p be b(8). Suppose -5*h + p = -0*h + 4*j, 20 = 4*h - 4*j. Calculate the remainder when (4 + -3 - (-3 - 18)) + 3 is divided by h.
7
Suppose -2*p = -3*w - 24, 2*p - 32 = -3*w + 2*w. Let s = -135 - -139. What is the remainder when p is divided by s?
3
Let h = 459 - 454. Suppose -n + 48 = -c + 5*c, 0 = -2*c - 4*n + 38. Calculate the remainder when c is divided by h.
1
Let c = 23 - -25. Suppose 8*f - 92 = -12. Calculate the remainder when c is divided by f.
8
Let y(d) = 2*d**3 - 3*d**2 - 4*d. Let r = 1 - -2. Calculate the remainder when y(r) is divided by (-3)/2*(-8)/3.
3
What is the remainder when ((-54)/(-108))/(2/1708) is divided by 33?
31
Suppose -2*l - 8*l + 7450 = 0. Calculate the remainder when l is divided by 83.
81
Suppose 4*h - 26 = -2*g, -5 = -5*h + g + 2*g. Suppose 0 = -h*z + 10 + 90. Suppose k - z + 3 = 0. What is the remainder when k is divided by 6?
4
Let l(w) = -2*w**2 - 13*w - 12. Let m be l(-6). Let s(h) = h**3 + 6*h**2 + 6. Calculate the remainder when 17 is divided by s(m).
5
Suppose 0 = -3*a + 25 - 4. Let l = 20 - a. What is the remainder when 37 is divided by l?
11
Let f(i) = -i**3 - i**2. Let z be (-2)/3*(-9)/(-3). Let g be f(z). Suppose -34 = -g*x - 3*b, 3*x - 27 = 5*b + 13. What is the remainder when 28 is divided by x?
8
Suppose -i - 684 = -10*i. Let d = 16 - 0. What is the remainder when i is divided by d?
12
Let y = 104 - 102. Suppose -y*z - s = 2*s - 202, -107 = -z - 3*s. What is the remainder when z is divided by 16?
15
Suppose -t + 123 = -k, 4*k - 37 = -2*t - 529. Let w = k + 140. Calculate the remainder when 32 is divided by w.
15
Let a(v) = 119*v - 102. Calculate the remainder when a(2) is divided by 49.
38
Let p be (-1)/7 + 620/28. Suppose -p*s = -18*s - 212. Suppose 0 = 5*d + 41 - 131. What is the remainder when s is divided by d?
17
Let g be 1420/(-12) - 2/(-6). Let q = -60 - g. What is the remainder when q is divided by 30?
28
Let x be 3/4 - 315/36. Let s(z) = z**3 + 10*z**2 + 13*z - 10. What is the remainder when s(x) is divided by 4?
2
Suppose -f + 2*z + 5 = -0*z, -2*f - 4*z + 42 = 0. Let q be f/(-4 - 39/(-9)). Let r = q - 10. What is the remainder when r is divided by 16?
13
Suppose -w - 1 = 0, h + 6 = -5*w + 59. What is the remainder when 4*(-2 - -1) + h is divided by 14?
12
Let m(s) = s**3 + 6*s**2 - 14*s + 16. Let t be m(-8). Suppose -3*i = -2*z + 7*z - 141, -3*z - 5*i + 91 = t. Calculate the remainder when 78 is divided by z.
24
Let g be ((-62)/(-2) + -4)*-3. Let q = g - -176. What is the remainder when q is divided by 12?
11
Let s(i) = 2*i**2 + 4*i - 1. Let z be s(-3). What is the remainder when 155 is divided by (z - 6)/((-2)/26)?
12
Let l(m) = -m**2 - 26*m + 18. Let j be l(-23). Suppose 2*r = 5*r - j. Calculate the remainder when 114 is divided by r.
27
Suppose 4*k + 21 - 107 = 2*i, 4*k + 4*i - 92 = 0. Suppose -17*u = -15*u - 8. Suppose -u*c + 13 = -39. What is the remainder when k is divided by c?
9
Suppose -3*u = -4*u - 1. Suppose -16 = -5*y - 4*h + 122, -3*y + h = -76. Calculate the remainder when u - (-1)/1 - -77 is divided by y.
25
Calculate the remainder when 284 is divided by (-5)/(9/72*40/(-18)).
14
Let n(v) = 2*v + 11. Let k(b) = -5*b - 22. Let r(h) = 3*k(h) + 5*n(h). What is the remainder when 38 is divided by r(-3)?
2
Suppose r - 795 + 2132 = 5*s, -813 = -3*s - 3*r. Calculate the remainder when s is divided by 18.
16
Suppose -9*r - 16*r = -225. What is the remainder 